ate the remainder when 12791 is divided by 4012.
755
Calculate the remainder when 10253 is divided by 2563.
1
Calculate the remainder when 34754 is divided by 6949.
9
Calculate the remainder when 3143 is divided by 357.
287
Calculate the remainder when 3564 is divided by 101.
29
Calculate the remainder when 4149 is divided by 3813.
336
Calculate the remainder when 13277 is divided by 2117.
575
What is the remainder when 3640 is divided by 198?
76
What is the remainder when 403225 is divided by 9377?
14
Calculate the remainder when 144568 is divided by 36142.
0
What is the remainder when 418855 is divided by 39?
34
What is the remainder when 304188 is divided by 64?
60
Calculate the remainder when 33669 is divided by 33658.
11
What is the remainder when 1257 is divided by 157?
1
Calculate the remainder when 366 is divided by 6.
0
Calculate the remainder when 16409 is divided by 965.
4
What is the remainder when 189482 is divided by 254?
252
What is the remainder when 9960 is divided by 4970?
20
Calculate the remainder when 142917 is divided by 684.
645
What is the remainder when 525 is divided by 156?
57
Calculate the remainder when 4404 is divided by 161.
57
What is the remainder when 5680 is divided by 1427?
1399
Calculate the remainder when 750163 is divided by 47.
43
What is the remainder when 357 is divided by 279?
78
Calculate the remainder when 17633 is divided by 5871.
20
What is the remainder when 461 is divided by 22?
21
Calculate the remainder when 12170 is divided by 48.
26
What is the remainder when 16200 is divided by 90?
0
What is the remainder when 3225 is divided by 230?
5
Calculate the remainder when 31900 is divided by 1993.
12
Calculate the remainder when 29562 is divided by 29556.
6
Calculate the remainder when 19175 is divided by 53.
42
What is the remainder when 1561661 is divided by 13?
10
What is the remainder when 18289 is divided by 269?
266
Calculate the remainder when 272762 is divided by 85.
82
What is the remainder when 49998 is divided by 34?
18
Calculate the remainder when 92935 is divided by 1575.
10
What is the remainder when 9549 is divided by 22?
1
Calculate the remainder when 1107232 is divided by 22.
16
Calculate the remainder when 50709 is divided by 365.
339
Calculate the remainder when 690531 is divided by 169.
166
What is the remainder when 844 is divided by 378?
88
Calculate the remainder when 29486 is divided by 628.
598
What is the remainder when 1561 is divided by 491?
88
Calculate the remainder when 14896 is divided by 94.
44
What is the remainder when 1573854 is divided by 1096?
1094
Calculate the remainder when 17020 is divided by 60.
40
Calculate the remainder when 929562 is divided by 31.
27
What is the remainder when 166975 is divided by 363?
358
What is the remainder when 2374 is divided by 12?
10
What is the remainder when 1408 is divided by 570?
268
Calculate the remainder when 2865 is divided by 23.
13
Calculate the remainder when 151871 is divided by 678.
677
What is the remainder when 87391 is divided by 40?
31
What is the remainder when 5377467 is divided by 42?
39
Calculate the remainder when 93976 is divided by 414.
412
What is the remainder when 40193 is divided by 10012?
145
What is the remainder when 82817 is divided by 16562?
7
What is the remainder when 2997893 is divided by 1471?
1466
Calculate the remainder when 58426 is divided by 508.
6
Calculate the remainder when 157986 is divided by 661.
7
What is the remainder when 550925 is divided by 254?
253
Calculate the remainder when 33274 is divided by 75.
49
What is the remainder when 3052 is divided by 980?
112
What is the remainder when 58746 is divided by 1951?
216
Calculate the remainder when 6227 is divided by 934.
623
What is the remainder when 11595927 is divided by 30?
27
What is the remainder when 6592 is divided by 6585?
7
Calculate the remainder when 630 is divided by 54.
36
What is the remainder when 3582 is divided by 1784?
14
Calculate the remainder when 9927 is divided by 1652.
15
Calculate the remainder when 7962 is divided by 1325.
12
What is the remainder when 2248 is divided by 708?
124
Calculate the remainder when 16760 is divided by 16748.
12
What is the remainder when 152415 is divided by 29?
20
What is the remainder when 1386 is divided by 455?
21
What is the remainder when 5843964 is divided by 512?
508
Calculate the remainder when 108945 is divided by 36315.
0
Calculate the remainder when 4525 is divided by 82.
15
Calculate the remainder when 7628 is divided by 7599.
29
What is the remainder when 316214 is divided by 9582?
8
Calculate the remainder when 96544 is divided by 648.
640
What is the remainder when 200931 is divided by 235?
6
What is the remainder when 39901 is divided by 1140?
1
Calculate the remainder when 1994 is divided by 172.
102
What is the remainder when 191905 is divided by 122?
121
Calculate the remainder when 821 is divided by 748.
73
What is the remainder when 67768 is divided by 17?
6
Calculate the remainder when 4033 is divided by 30.
13
Calculate the remainder when 85356 is divided by 776.
772
Calculate the remainder when 113298 is divided by 56643.
12
Calculate the remainder when 44936 is divided by 13.
8
What is the remainder when 195 is divided by 107?
88
Calculate the remainder when 83527 is divided by 4.
3
What is the remainder when 3569 is divided by 70?
69
What is the remainder when 1125692 is divided by 96?
92
What is the remainder when 785922 is divided by 61?
59
Calculate the remainder when 39060 is divided by 662.
2
Calculate the remainder when 199438 is divided by 66478.
4
What is the remainder when 2285243 is divided by 177?
173
Calculate the remainder when 13242 is divided by 154.
152
Calculate the remainder when 352 is divided by 59.
57
What is the remainder when 305038 is divided by 42?
34
What is the remainder when 4106 is divided by 280?
186
Calculate the remainder when 4910 is divided by 266.
122
What is the remainder when 8063 is divided by 385?
363
What is the remainder when 14606 is divided by 21?
11
What is the remainder when 56511 is divided by 56473?
38
What is the remainder when 351983 is divided by 85?
83
What is the remainder when 269682 is divided by 653?
646
What is the remainder when 27350 is divided by 2109?
2042
Calculate the remainder when 8372 is divided by 8288.
84
Calculate the remainder when 1358 is divided by 542.
274
What is the remainder when 397067 is divided by 69?
41
Calculate the remainder when 3319759 is divided by 68.
67
Calculate the remainder when 1683921 is divided by 31772.
5
What is the remainder when 11839 is divided by 33?
25
Calculate the remainder when 53247 is divided by 142.
139
Calculate the remainder when 77823 is divided by 512.
511
What is the remainder when 978 is divided by 459?
60
Calculate the remainder when 86495 is divided by 21618.
23
What is the remainder when 3862 is divided by 563?
484
Calculate the remainder when 37921 is divided by 63.
58
What is the remainder when 7161 is divided by 761?
312
Calculate the remainder when 252 is divided by 150.
102
Calculate the remainder when 222738 is divided by 518.
516
What is the remainder when 1373290 is divided by 74?
72
Calculate the remainder when 2691 is divided by 6.
3
Calculate the remainder when 37600 is divided by 22.
2
What is the remainder when 215333 is divided by 88?
85
Calculate the remainder when 1813 is divided by 198.
31
What is the remainder when 23495 is divided by 1303?
41
What is the remainder when 103163 is divided by 26?
21
What is the remainder when 3790 is divided by 1834?
122
Calculate the remainder when 16909 is divided by 3.
1
Calculate the remainder when 82377 is divided by 60.
57
What is the remainder when 5799 is divided by 142?
119
What is the remainder when 18645 is divided by 24?
21
Calculate the remainder when 662 is divided by 328.
6
Calculate the remainder when 52244 is divided by 3.
2
What is the remainder when 307583 is divided by 2366?
3
Calculate the remainder when 335791 is divided by 515.
11
What is the remainder when 117741 is divided by 28?
1
Calculate the remainder when 1039 is divided by 103.
9
What is the remainder when 106702 is divided by 232?
214
Calculate the remainder when 271408 is divided by 2120.
48
What is the